377
List the prime factors of 2785599141.
3, 13, 17, 547, 7681
What are the prime factors of 322867879?
322867879
List the prime factors of 206139270.
2, 3, 5, 71, 96779
What are the prime factors of 203441063?
7, 29063009
What are the prime factors of 3065104602?
2, 3, 7, 31, 784717
What are the prime factors of 321679149?
3, 11, 2953, 3301
What are the prime factors of 533465479?
533465479
What are the prime factors of 1288467550?
2, 5, 25769351
List the prime factors of 2083709992.
2, 7, 13, 17, 101, 1667
What are the prime factors of 79818512?
2, 4988657
What are the prime factors of 29467055?
5, 5893411
What are the prime factors of 181599830?
2, 5, 173, 104971
List the prime factors of 43719249.
3, 7, 61, 34129
What are the prime factors of 16930172?
2, 7, 604649
List the prime factors of 31625143.
11, 2875013
What are the prime factors of 39415482?
2, 3, 443, 4943
What are the prime factors of 229466182?
2, 11, 10430281
List the prime factors of 268715656.
2, 11, 79, 38653
What are the prime factors of 2387222640?
2, 3, 5, 11, 73, 4129
What are the prime factors of 492158214?
2, 3, 9114041
What are the prime factors of 3442408383?
3, 113, 10154597
What are the prime factors of 61350875?
5, 17, 28871
What are the prime factors of 506029108?
2, 13, 107, 90947
What are the prime factors of 8256525799?
8256525799
List the prime factors of 1422796467.
3, 607, 781327
List the prime factors of 43715666.
2, 251, 87083
List the prime factors of 226095579.
3, 2221, 11311
List the prime factors of 132551268.
2, 3, 11045939
List the prime factors of 300014683.
31, 9677893
List the prime factors of 18148879.
7, 2592697
What are the prime factors of 1081464480?
2, 3, 5, 139, 1801
What are the prime factors of 193465769?
7, 3948281
What are the prime factors of 42914640?
2, 3, 5, 163, 1097
List the prime factors of 108274999.
7, 1567, 9871
What are the prime factors of 2074793647?
139, 14926573
List the prime factors of 293707818.
2, 3, 541, 30161
List the prime factors of 854798956.
2, 11, 23, 101, 8363
What are the prime factors of 1766022476?
2, 71, 1693, 3673
List the prime factors of 845661470.
2, 5, 23, 3676789
List the prime factors of 1453582534.
2, 726791267
List the prime factors of 720047002.
2, 17, 41, 131, 3943
What are the prime factors of 52488391?
53, 491, 2017
List the prime factors of 181092895.
5, 19, 1906241
What are the prime factors of 6386841744?
2, 3, 53, 2510551
What are the prime factors of 833931907?
19, 23, 1908311
What are the prime factors of 686178135?
3, 5, 29, 37, 1579
List the prime factors of 6353563.
17, 251, 1489
What are the prime factors of 12027915?
3, 5, 137, 1951
What are the prime factors of 127136843?
1277, 99559
List the prime factors of 1521998751.
3, 7, 13, 59, 13499
List the prime factors of 1021498827.
3, 919, 370511
What are the prime factors of 3017206140?
2, 3, 5, 13, 3868213
What are the prime factors of 623981654?
2, 71, 4394237
What are the prime factors of 166726603?
61, 1279, 2137
What are the prime factors of 1063071308?
2, 13, 20443679
List the prime factors of 5249754200.
2, 5, 71, 173, 2137
List the prime factors of 39674622.
2, 3, 13, 19, 1409
List the prime factors of 293943819.
3, 13, 181, 41641
What are the prime factors of 120529332?
2, 3, 7, 11, 43481
What are the prime factors of 202098912?
2, 3, 29, 229, 317
What are the prime factors of 92793741?
3, 227, 136261
What are the prime factors of 42369418?
2, 7, 13, 4751
What are the prime factors of 30199755?
3, 5, 1033, 1949
What are the prime factors of 52696016?
2, 29, 337
List the prime factors of 27778825.
5, 23, 48311
What are the prime factors of 1408894490?
2, 5, 1483, 95003
What are the prime factors of 46336935?
3, 5, 271, 11399
List the prime factors of 629835541.
19, 33149239
List the prime factors of 399398660.
2, 5, 541, 36913
What are the prime factors of 98604687?
3, 32868229
What are the prime factors of 780846655?
5, 101, 1546231
What are the prime factors of 634702497?
3, 11, 13, 17, 29, 3001
List the prime factors of 836674790.
2, 5, 7, 547, 21851
List the prime factors of 377678387.
377678387
List the prime factors of 84961556.
2, 21240389
What are the prime factors of 50935687?
11, 29, 159673
List the prime factors of 88033250.
2, 5, 352133
List the prime factors of 3442088877.
3, 1147362959
What are the prime factors of 4297043174?
2, 37, 107, 542693
List the prime factors of 62915456.
2, 491527
List the prime factors of 272832370.
2, 5, 2011, 13567
What are the prime factors of 388997960?
2, 5, 13, 181, 4133
List the prime factors of 22873054.
2, 29, 394363
List the prime factors of 223609117.
239, 935603
What are the prime factors of 486719671?
61, 983, 8117
List the prime factors of 2042709287.
73, 103, 107, 2539
What are the prime factors of 429417837?
3, 47713093
List the prime factors of 4234334.
2, 13, 162859
What are the prime factors of 519569855?
5, 7, 521, 28493
List the prime factors of 13152821.
11, 71, 1531
What are the prime factors of 2756947102?
2, 7, 13, 15148061
What are the prime factors of 4418460?
2, 3, 5, 24547
What are the prime factors of 85799947?
1033, 83059
What are the prime factors of 22375972?
2, 37, 151189
What are the prime factors of 1697916785?
5, 339583357
List the prime factors of 41269623.
3, 13756541
List the prime factors of 718441208.
2, 89805151
List the prime factors of 3371415.
3, 5, 43, 5227
What are the prime factors of 132700151?
83, 257, 6221
What are the prime factors of 203018027?
577, 351851
List the prime factors of 2221937.
463, 4799
What are the prime factors of 1017126178?
2, 508563089
List the prime factors of 295262721.
3, 13, 149, 16937
List the prime factors of 3474829445.
5, 29, 83, 179, 1613
What are the prime factors of 10544211?
3, 1171579
List the prime factors of 175344427.
67, 2617081
What are the prime factors of 3445786885?
5, 67, 631, 16301
List the prime factors of 5367299148.
2, 3, 59, 89, 28393
List the prime factors of 4886600665.
5, 157, 773, 8053
List the prime factors of 5100618613.
17, 2851, 105239
List the prime factors of 1577637451.
13, 17, 7138631
List the prime factors of 975967896.
2, 3, 79, 514751
List the prime factors of 2156654668.
2, 7, 37, 373, 5581
List the prime factors of 2140698481.
23, 29, 6067
What are the prime factors of 460792145?
5, 11, 8378039
What are the prime factors of 247646101?
247646101
What are the prime factors of 263297464?
2, 1373, 23971
What are the prime factors of 91969103?
313, 293831
What are the prime factors of 27884527?
11, 2534957
What are the prime factors of 648657858?
2, 3, 8803, 12281
List the prime factors of 110898750.
2, 3, 5, 29573
What are the prime factors of 1199636597?
5857, 204821
What are the prime factors of 37712059?
7, 11, 89, 5503
List the prime factors of 733262879.
733262879
List the prime factors of 753956271.
3, 19, 4409101
What are the prime factors of 647494708?
2, 7, 17, 1360283
List the prime factors of 2276567576.
2, 43, 47, 139, 1013
List the prime factors of 35581911.
3, 11860637
List the prime factors of 500210078.
2, 53, 4718963
What are the prime factors of 99331879?
99331879
What are the prime factors of 125861120?
2, 5, 7, 11, 1277
List the prime factors of 5537364593.
17, 41, 383, 20743
What are the prime factors of 1271815541?
37, 1439, 23887
What are the prime factors of 1939412835?
3, 5, 53, 271057
What are the prime factors of 2207790852?
2, 3, 183982571
What are the prime factors of 304158827?
7, 139, 44657
What are the prime factors of 34362142?
2, 563, 30517
What are the prime factors of 489981363?
3, 163327121
List the prime factors of 5418923.
349, 15527
List the prime factors of 143757519.
3, 47919173
What are the prime factors of 801048073?
7, 113, 1012703
What are the prime factors of 111703688?
2, 61, 228901
List the prime factors of 833720539.
191, 4365029
What are the prime factors of 882044542?
2, 441022271
List the prime factors of 131652051.
3, 107, 3833
List the prime factors of 6718282899.
3, 19751, 113383
What are the prime factors of 8560144653?
3, 2853381551
What are the prime factors of 118382515?
5, 2927, 8089
List the prime factors of 108501791.
108501791
List the prime factors of 139496270.
2, 5, 443, 31489
What are the prime facto